4
-70
Convert 250 (base 11) to base 9.
360
What is -1100011001110 (base 2) in base 8?
-14316
-1122011 (base 3) to base 13
-709
Convert -2228 (base 14) to base 3.
-22010010
Convert 3434 (base 5) to base 12.
352
Convert 110000000 (base 2) to base 9.
466
11bc (base 14) to base 5
44411
Convert -230355 (base 6) to base 13.
-8bb5
1251 (base 6) to base 7
634
1525 (base 14) to base 9
5134
What is 1876 (base 14) in base 8?
10500
What is 134 (base 15) in base 3?
101011
What is 4a8 (base 13) in base 16?
32e
What is 775 (base 10) in base 9?
1051
What is 25000 (base 6) in base 11?
2839
-5d7 (base 15) to base 2
-10100101111
Convert -1454 (base 7) to base 10.
-578
What is -1ecb (base 15) in base 8?
-15074
1211121212 (base 3) to base 7
210320
-6368 (base 15) to base 10
-21023
Convert 2201100 (base 3) to base 4.
132330
Convert 67045 (base 9) to base 16.
adde
What is -250 (base 7) in base 3?
-11221
208 (base 15) to base 7
1223
What is 48831 (base 9) in base 5?
2022002
Convert 511e (base 16) to base 9.
31433
-6537 (base 11) to base 2
-10000110110111
Convert 111001100111010 (base 2) to base 8.
71472
What is 3611 (base 9) in base 10?
2683
Convert -1122222012 (base 3) to base 4.
-20000033
What is -3426 (base 12) in base 4?
-1122132
Convert 1213 (base 15) to base 13.
1998
What is -203 (base 5) in base 10?
-53
c69 (base 16) to base 13
15a5
What is -13332 (base 4) in base 6?
-2210
Convert 110a7 (base 13) to base 16.
78af
100220 (base 6) to base 5
222420
1294 (base 13) to base 5
41111
Convert 9bc (base 14) to base 16.
78a
What is -1172 (base 9) in base 15?
-3d5
Convert 9ba (base 12) to base 2.
10110011110
What is -424244 (base 6) in base 16?
-8764
Convert -40225 (base 7) to base 9.
-14301
Convert -31404 (base 6) to base 15.
-13d7
1b3a (base 15) to base 13
28c3
What is -224211 (base 5) in base 7?
-32326
Convert -28578 (base 9) to base 3.
-222122122
What is -aa15 (base 11) in base 15?
-4491
-1a2 (base 12) to base 2
-100001010
Convert -3a63 (base 15) to base 6.
-133420
Convert -122002 (base 9) to base 15.
-16c3b
What is -11210320 (base 4) in base 6?
-253424
Convert 5840 (base 14) to base 12.
8a68
What is -205 (base 14) in base 3?
-112201
What is -1a277 (base 11) in base 8?
-67165
What is -785 (base 14) in base 2?
-10111010001
What is 2a8 (base 14) in base 8?
1034
Convert 444 (base 15) to base 4.
33010
What is 162136 (base 8) in base 7?
332305
-aa85 (base 13) to base 14
-893b
Convert 999 (base 11) to base 4.
102231
Convert -4300 (base 5) to base 4.
-20333
Convert 3aeb (base 16) to base 13.
6b33
Convert -28c4 (base 14) to base 10.
-7228
Convert -2013 (base 5) to base 13.
-16b
d719 (base 14) to base 6
443335
e3 (base 16) to base 15
102
Convert -5973 (base 11) to base 6.
-100120
What is -1200331 (base 4) in base 2?
-1100000111101
Convert 1100210 (base 3) to base 5.
12433
What is -115ab (base 14) in base 15?
-c7e6
1712 (base 16) to base 9
8082
What is 53170 (base 9) in base 16?
8940
-423 (base 9) to base 3
-110210
4216 (base 9) to base 8
6025
-5616 (base 16) to base 7
-121152
Convert -85677 (base 9) to base 3.
-2212202121
694 (base 14) to base 9
1711
Convert 7956 (base 12) to base 6.
142150
17a (base 13) to base 4
10032
Convert 813 (base 9) to base 12.
470
What is 66d8 (base 14) in base 4?
10112212
What is -1020011 (base 4) in base 5?
-121423
Convert 4306 (base 8) to base 9.
3065
Convert 101110101 (base 2) to base 3.
111211
What is 1323 (base 5) in base 8?
325
Convert 351 (base 13) to base 14.
2cd
Convert -14100 (base 5) to base 4.
-101332
3671 (base 14) to base 10
9507
Convert 4231 (base 9) to base 6.
22214
1dd (base 15) to base 8
661
-4a82 (base 16) to base 10
-19074
Convert 1011001001111111 (base 2) to base 10.
45695
Convert -140504 (base 6) to base 3.
-200000211
Convert -38a (base 14) to base 16.
-2c6
Convert 3323 (base 6) to base 9.
1046
What is -10022 (base 5) in base 8?
-1175
What is -507 (base 10) in base 16?
-1fb
What is 61311 (base 8) in base 12?
12775
Convert -1010000001101 (base 2) to base 13.
-244b
4246 (base 8) to base 3
10001000
What is 2011202 (base 4) in base 12?
4b42
-7194 (base 10) to base 3
-100212110
Convert -20020001 (base 3) to base 5.
-121122
What is 201550 (base 7) in base 10?
34237
What is 12 (base 6) in base 4?
20
What is -40022 (base 5) in base 3?
-10110001
Convert 4738 (base 12) to base 7.
32135
What is -1111211001 (base 3) in base 7?
-152515
What is -69 (base 10) in base 2?
-1000101
What is -41351 (base 6) in base 3?
-21121011
What is -536 (base 15) in base 16?
-498
What is 106b (base 13) in base 5?
33121
-12163 (base 7) to base 16
-c6d
What is -13809 (base 11) in base 8?
-46233
Convert 2112400 (base 5) to base 13.
13123
Convert -10110101 (base 3) to base 9.
-3411
31 (base 6) to base 5
34
-3403 (base 6) to base 5
-11140
2764 (base 14) to base 9
10470
What is 11385 (base 9) in base 14?
2ab8
-12600 (base 8) to base 16
-1580
-397 (base 11) to base 8
-725
Convert -17cb7 (base 13) to base 15.
-d9e8
Convert -743 (base 12) to base 7.
-3042
Convert 122184 (base 9) to base 2.
10010000000111010
-5664 (base 8) to base 10
-2996
Convert -4432 (base 5) to base 9.
-755
What is 2414104 (base 5) in base 12?
21ba0
What is 133543 (base 6) in base 16?
30e7
7129 (base 12) to base 8
27761
What is -30450 (base 6) in base 9?
-5513
Convert 382 (base 16) to base 8.
1602
What is -8271 (base 9) in base 3?
-22022101
What is 22701 (base 10) in base 9?
34123
28b2 (base 13) to base 12
34ab
Convert 100022200 (base 3) to base 10.
6795
What is -2008 (base 10) in base 12?
-11b4
Convert -78aa (base 11) to base 5.
-313110
1000433 (base 6) to base 14
130c5
Convert -111334 (base 5) to base 2.
-111110000001
What is 234 (base 11) in base 6?
1143
What is 2211121 (base 3) in base 13?
c31
-1530 (base 6) to base 12
-2a6
What is -47160 (base 11) in base 12?
-33484
What is -433 (base 8) in base 14?
-163
-1556 (base 13) to base 3
-11021022
What is 226 (base 14) in base 15?
1d6
What is -411221 (base 5) in base 10?
-13311
-22022 (base 4) to base 8
-1212
Convert 11143 (base 10) to base 8.
25607
-520 (base 9) to base 11
-355
-2255 (base 6) to base 16
-21b
Convert 2ec (base 15) to base 16.
2a0
What is -302 (base 8) in base 2?
-11000010
21210212 (base 3) to base 12
3365
What is 4312 (base 5) in base 11?
48a
What is 101010110010 (base 2) in base 3?
10202102
Convert 11011000111 (base 2) to base 9.
2337
Convert 76 (base 9) to base 6.
153
-231 (base 5) to base 7
-123
What is 21322 (base 5) in base 4?
112312
47371 (base 9) to base 10
31654
What is 150 (base 10) in base 9?
176
What is 100010100111000 (base 2) in base 10?
17720
-207636 (base 8) to base 12
-342a6
5616 (base 8) to base 16
b8e
3243 (base 5) to base 7
1210
What is -26021 (base 10) in base 14?
-96a9
Convert 1398b (base 12) to base 9.
41428
What is -7a3 (base 16) in base 7?
-5462
-4243 (base 9) to base 4
-300231
325 (base 9) to base 10
266
Convert -95 (base 11) to base 13.
-80
What is -1011010 (base 2) in base 6?
-230
Convert 203 (base 9) to base 15.
b0
Convert 21102112 (base 3) to base 9.
7375
Convert -13044 (base 5) to base 14.
-532
Convert 26611 (base 7) to base 16.
1bfa
-3186 (base 9) to base 4
-210222
112021 (base 3) to base 9
467
What is -16004 (base 7) in base 11?
-3398
-16243 (base 7) to base 8
-10754
-10112211 (base 3) to base 12
-15b7
10241 (base 13) to base 5
1411302
-302 (base 6) to base 8
-156
-8caa (base 16) to base 12
-18a0a
What is -fd5 (base 16) in base 13?
-1aca
-110111010010001 (base 2) to base 12
-14469
What is 1aa (base 15) in base 14?
1d7
Convert -14045 (base 15) to base 13.
-232a9
-15324 (base 6) to base 15
-b1a
Convert 10120202 (base 3) to base 8.
5064
349 (base 13) to base 16
238
What is -58 (base 13) in base 10?
-73
What is 37b6 (base 13) in base 8?
17363
What is 1766 (base 8) in base 12?
706
What is 1848 (base 13) in base 10?
3609
What is 23347 (base 9) in base 11?
10798
-1332 (base 6) to base 3
-110202
What is -1122 (base 7) in base 15?
-1c3
-23432 (base 8) to base 11
-7580
-110001100 (base 2) to base 10
-396
Convert -100011001011111 (base 2) to base 12.
-a513
Convert 43010 (base 6) to base 4.
1123032
What is -164632 (base 8) in base 11?
-40a26
Convert 736 (base 8) to base 10.
478
-2252 (base 6) to base 3
-201212
What is 2557 (base 8) in base 6?
10235
Convert 27b (base 16) to base 15.
2c5
What is 84 (base 13) in ba